11
Suppose -3*b + 7*b - 44 = 0. Let d = b - 5. What is the remainder when 9 is divided by d?
3
Suppose -q + 517 = 3*w, -7*w = -2*q - 5*w + 994. Let x = -337 + q. Calculate the remainder when x is divided by 21.
18
What is the remainder when 114/15*(2 - -36 - 3) is divided by 67?
65
Let f be (6/5)/(2/20). Suppose -4*c + 4 + f = 0. Calculate the remainder when 374/c - (-2)/4 is divided by 24.
22
Suppose 0 = -9*h + 38*h - 1334. Calculate the remainder when h is divided by 3.
1
Let u = 73 + -4. What is the remainder when u is divided by 37?
32
Let z = 1 + -1. Suppose z = -2*p - 1 + 17. Suppose 32 = 2*c + 6. Calculate the remainder when c is divided by p.
5
Suppose 0 = -92*p - 45 + 413. What is the remainder when 11 is divided by p?
3
Let l be (0 - -2) + -5 + 6. Let y be l + 7/1 - 4. Suppose y*j - 20 = 70. What is the remainder when 26 is divided by j?
11
Let o(t) = -t**2 - 3*t + 18. Let q be o(-6). Suppose q = -3*j + 54 - 9. What is the remainder when 51 is divided by j?
6
Suppose -3*g = -6 - 3. Let s(v) = -10*v**2 + v**3 + g + v**2 + 8*v**2 + 3*v. Calculate the remainder when 88 is divided by s(3).
28
Let h be 5/(-2)*56/(-70). Suppose 17 = -j + h*j. What is the remainder when 43 is divided by j?
9
Suppose 5*d - 335 = -5*n, 3*n - d - 2*d = 201. Suppose 0 = -5*j - 10, -2*j = 4*k - 5*j - 74. What is the remainder when n is divided by k?
16
Let n = 136 + 5. Let x = 0 + n. Calculate the remainder when x is divided by 36.
33
Let v = -98 - -89. Let s(m) = -m**3 + 28. Let p be s(0). Let g = v + p. What is the remainder when g is divided by 11?
8
Let j(t) = 15*t**3 - 2*t**2 - 2*t + 1. What is the remainder when j(2) is divided by 30?
19
Suppose 0 = -2*z + q - 111, q = 3*z - q + 169. Let c = z - -79. Suppose 2*n = 3*n - c. What is the remainder when 77 is divided by n?
25
Let v(u) = 18*u + 13. Calculate the remainder when 87 is divided by v(1).
25
Suppose h + 3*h - 5*q - 26 = 0, 5*q - 6 = -4*h. Suppose -h*p - 5*x + 19 = 0, -5*p + x + 47 = -13. What is the remainder when 65 is divided by p?
10
Suppose 80*o = 83*o - 252. What is the remainder when o is divided by 19?
8
Calculate the remainder when ((-300)/175)/(3/(-189)) is divided by 42.
24
Suppose d + 4*w = 182, 5*d + 12*w - 847 = 13*w. What is the remainder when d is divided by 59?
52
Suppose -15*x + 1085 - 5 = 0. Calculate the remainder when 274 is divided by x.
58
Suppose -16*x - 2*w - 4 = -17*x, 11 = x + 5*w. Suppose -2*p = 25 + 23. Calculate the remainder when x is divided by 2/(-3) - p/9.
0
Let g = 1834 + -1694. Calculate the remainder when g is divided by 22.
8
Let r(l) = 43*l. What is the remainder when r(1) is divided by (-483)/(-630) - (-2)/(-12) - 428/(-20)?
21
Calculate the remainder when 92 is divided by ((-3)/(-2))/((-6)/(-184)).
0
Let q(s) = -45*s + 128. What is the remainder when 86 is divided by q(2)?
10
Suppose y + 0*y = x + 11, 0 = 3*x - 6. Suppose -3*j = 5*n - 8*j - 735, j - 143 = -n. Suppose y*d - n = 8*d. Calculate the remainder when d is divided by 15.
14
Let w(o) = -o**2 - 14*o - 9. Let f be w(-8). Suppose -f = -2*v + 105. Let d = v + -31. Calculate the remainder when d is divided by 11.
8
Suppose 5*y + 4*m - 3 = 0, 0*m - 18 = -y + 5*m. Suppose 3*c = y*p - 39, -8 = -3*p + 5*c + 23. Suppose 49 - p = n. What is the remainder when n is divided by 11?
10
Suppose 5*j = -13 - 2. What is the remainder when 43 is divided by 9 + 1/j*0?
7
Suppose 0 = -0*j + 3*j. Suppose -19 = -2*b - b - i, j = b - 2*i - 4. Suppose -4*q - b = -30. Calculate the remainder when q is divided by 4.
2
Let v(f) = 41*f - 233. Let b(o) = -5*o + 2. What is the remainder when v(7) is divided by b(-2)?
6
Let o = 23 - 13. Let c(y) = 2 + y**3 - 10*y**2 + 227*y - 227*y. What is the remainder when c(o) is divided by 2?
0
Suppose 10*h - 296 = 2*h. Suppose -5*m - h = -x - x, -x = 5*m - 56. What is the remainder when x is divided by 4?
3
Suppose -396*k + 391*k = -725. Calculate the remainder when k is divided by 38.
31
Calculate the remainder when 6/(-9) + (2 - 74/(-3)) is divided by 10.
6
Let b be (-3 + 0/2)/(-1). Suppose -11 = b*o - 29. Calculate the remainder when o is divided by (-1)/(-2) + ((-819)/18)/(-13).
2
Let h(j) = 14 - j**2 + 5*j - 5*j + 12*j. Suppose 2*m - 18 = 3*q, m - 5*m - 4*q + 56 = 0. Calculate the remainder when h(m) is divided by 4.
2
Let s(d) be the first derivative of -d**4/4 - d**3 - 5*d**2/2 - 4*d + 12. What is the remainder when 41 is divided by s(-3)?
8
Let g(r) = -4*r + 6*r + 2*r**2 + 2*r**2 + 0 - 1. Let l = -2 - 0. Calculate the remainder when g(l) is divided by 7.
4
Let f(o) = 3*o - 3. Let b(w) = -w + 1. Let p(v) = -2*b(v) - f(v). Let y be p(-1). Suppose -88 = -2*m - y*m. Calculate the remainder when m is divided by 6.
4
Let r(d) = 5*d**2 + 2*d - 1. Let u be r(1). Suppose u*k = 8*k - 214. What is the remainder when k is divided by 27?
26
Suppose 3*i = 14 - 26. Calculate the remainder when ((-711)/(-18))/((-2)/(-4)) is divided by (i + -3 - -4)*-9.
25
Suppose 19 = 5*z + 129. What is the remainder when 9 is divided by 4/z + 0 - 395/(-55)?
2
Suppose -g + 2*g = h - 96, 2*h - g = 194. Suppose a + h = 3*a. Calculate the remainder when a is divided by (4 - (-156)/7) + (-2)/7.
23
Let k = 44 + -14. Suppose -3*b + 0*b + k = c, 4*b - 21 = 5*c. Calculate the remainder when b is divided by -1*3 - (-6)/1.
0
Suppose -6*o = -2*o - 248. Suppose -k = -2*r + 4*k + 5, -10 = -2*k. Suppose 5*z + 15 = 0, 3*t - r - 33 = -5*z. What is the remainder when o is divided by t?
20
Let b(q) = 2*q**3 - 5*q**2 + q + 2. Suppose -1 + 5 = 2*r. Suppose 0 = -r*z + 3 + 19. Calculate the remainder when b(4) is divided by z.
10
Suppose -250 - 378 = -5*t + 2*j, 0 = -2*t - 4*j + 256. Suppose -5*h + 4*h = -20. Suppose 17*p + 96 = h*p. Calculate the remainder when t is divided by p.
30
Suppose -4*q = -166 - 702. What is the remainder when q is divided by 46?
33
Suppose 2*z = -3*g + 22, 11 = -34*z + 35*z - 4*g. Calculate the remainder when 71 is divided by z.
5
Let j(f) = f**2 + 9*f. Let k be j(-9). Suppose -r + k*r + 8 = -z, -2*z - 13 = -r. Let a(y) = -y**2 - 7*y + 3. What is the remainder when 37 is divided by a(z)?
11
Let j(z) = -5*z - 10. Let k be j(-3). Let q(l) = l**3 - 6*l**2 + 8*l - 6. What is the remainder when 34 is divided by q(k)?
7
Suppose 53 = 8*o - 51. Calculate the remainder when 22 is divided by o.
9
Suppose -2*p - 5 = -g, 0*g - 2*g = -3*p - 13. Suppose -23 = -f + 18. Calculate the remainder when f is divided by g.
8
Suppose 0 = -5*o + 38 + 52. Let p = -6 + 10. Suppose p*s + s - 35 = 0. Calculate the remainder when o is divided by s.
4
Suppose 2*t + 2*g - 26 = 4*g, t = 2*g + 14. Calculate the remainder when (2/6)/((-1)/(-57)) is divided by t.
7
Let q(m) = 3*m**2 + 13*m + 8. Let k be q(-4). Suppose 17 = t - k*o + 2*o, -12 = -4*o. Calculate the remainder when t is divided by 8.
7
Suppose r - 3*o - 30 = -3, -3*r + o + 89 = 0. Calculate the remainder when r is divided by (-8)/(-4) + 16 + 0.
12
Calculate the remainder when 201 is divided by (56 - 109)/(1 - 6/3).
42
Let f = 4 + -1. Suppose 2 = -f*q + q. What is the remainder when ((-78)/6)/(q/2) is divided by 7?
5
Let s = -11 + 8. Let p be s - (-20)/(1/(-1)). Let y = p - -49. What is the remainder when y is divided by 15?
11
Let u = 0 + 367. What is the remainder when u is divided by 122?
1
Let z = 3 - -9. Let r = 21 - z. Suppose -2*x - 42 = -9*x. Calculate the remainder when r is divided by x.
3
Suppose -33*y + 1411 + 4496 = 0. What is the remainder when y is divided by 9?
8
Let f be (10/4)/((-80)/(-192)). Suppose f*c = 21*c - 660. What is the remainder when c is divided by 9?
8
Suppose -2*n + 5*n = 3. Suppose 3*r - 16 - 23 = 0. Calculate the remainder when r is divided by (2*(-10)/(-4))/n.
3
Let m be 29/(-4) + 10/40. Let t be m - -2*2/4. Let f(a) = a**2 + 2*a - 2. Calculate the remainder when f(t) is divided by 12.
10
Let l = -682 - -705. Calculate the remainder when 108 is divided by l.
16
Suppose 4*w + 102 = 5*j, j - 2*w = 15 + 9. Calculate the remainder when j is divided by (-3)/18 - (-61)/6.
8
Suppose -2*w + 3*w - 38 = -5*z, 0 = 5*w + z - 118. Calculate the remainder when 435 is divided by w.
21
Let b = 381 - 380. Suppose 0 = 2*c + c - 9. Suppose -c*p + 7 = b. What is the remainder when 7 is divided by p?
1
Suppose -5*v + 130 = -4*l, 229*v - 228*v = 4*l + 10. Calculate the r